re the prime factors of 11608023?
3, 7, 79, 6997
What are the prime factors of 82011?
3, 27337
List the prime factors of 2548192.
2, 79631
What are the prime factors of 898?
2, 449
List the prime factors of 10831828.
2, 7, 386851
List the prime factors of 573570.
2, 3, 5, 6373
List the prime factors of 606188.
2, 11, 23, 599
What are the prime factors of 148872?
2, 3, 6203
What are the prime factors of 32949126?
2, 3, 7, 67, 1301
What are the prime factors of 219174?
2, 3, 36529
List the prime factors of 81194.
2, 40597
What are the prime factors of 5917406?
2, 11, 268973
What are the prime factors of 1473553?
1473553
What are the prime factors of 367585?
5, 73517
List the prime factors of 4983925.
5, 199357
What are the prime factors of 449289?
3, 49921
List the prime factors of 1279684.
2, 7, 6529
What are the prime factors of 12617282?
2, 6308641
List the prime factors of 1506821.
739, 2039
List the prime factors of 10373796.
2, 3, 53, 5437
What are the prime factors of 59129?
7, 8447
What are the prime factors of 11643068?
2, 113, 25759
List the prime factors of 34615026.
2, 3, 17, 12569
List the prime factors of 256746.
2, 3, 7, 6113
List the prime factors of 2509404.
2, 3, 17, 12301
List the prime factors of 4839476.
2, 23, 41, 1283
List the prime factors of 144319.
7, 53, 389
What are the prime factors of 186860?
2, 5, 9343
What are the prime factors of 916910?
2, 5, 91691
What are the prime factors of 3808574?
2, 7, 11, 3533
List the prime factors of 4570.
2, 5, 457
List the prime factors of 745343.
745343
What are the prime factors of 368649?
3, 40961
List the prime factors of 12292986.
2, 3, 659, 3109
What are the prime factors of 44865?
3, 5, 997
List the prime factors of 99947.
89, 1123
What are the prime factors of 511787?
511787
List the prime factors of 2178295.
5, 7, 17, 523
What are the prime factors of 122304?
2, 3, 7, 13
List the prime factors of 60013.
60013
What are the prime factors of 161710?
2, 5, 103, 157
List the prime factors of 11116547.
13, 855119
List the prime factors of 5762759.
5762759
List the prime factors of 69048.
2, 3, 7, 137
What are the prime factors of 449110?
2, 5, 97, 463
List the prime factors of 2146064.
2, 134129
List the prime factors of 615107.
615107
What are the prime factors of 7200869?
13, 683, 811
List the prime factors of 38731379.
23, 101, 16673
What are the prime factors of 1332499?
7, 190357
What are the prime factors of 1234794?
2, 3, 11, 53, 353
List the prime factors of 150576.
2, 3, 3137
What are the prime factors of 202643?
7, 28949
List the prime factors of 18065772.
2, 3, 501827
List the prime factors of 13527986.
2, 6763993
What are the prime factors of 16891696?
2, 1055731
List the prime factors of 579277.
579277
What are the prime factors of 4108851?
3, 456539
List the prime factors of 9883366.
2, 37, 133559
List the prime factors of 1542400.
2, 5, 241
What are the prime factors of 22969255?
5, 4593851
List the prime factors of 25154012.
2, 13, 53, 9127
List the prime factors of 1295131.
1295131
List the prime factors of 947873.
947873
List the prime factors of 550897.
593, 929
List the prime factors of 2689661.
13, 206897
What are the prime factors of 20967891?
3, 7, 998471
List the prime factors of 631427.
19, 167, 199
What are the prime factors of 723670?
2, 5, 72367
List the prime factors of 2019384.
2, 3, 9349
List the prime factors of 5297504.
2, 19, 8713
What are the prime factors of 3310008?
2, 3, 13, 103
What are the prime factors of 2203783?
47, 46889
List the prime factors of 4800329.
1657, 2897
What are the prime factors of 11029931?
11, 1002721
What are the prime factors of 16240850?
2, 5, 47, 6911
What are the prime factors of 5703004?
2, 43, 71, 467
What are the prime factors of 31726870?
2, 5, 7, 29, 15629
List the prime factors of 1020555.
3, 5, 22679
List the prime factors of 212904.
2, 3, 2957
What are the prime factors of 2509668?
2, 3, 7, 23, 433
What are the prime factors of 1820691?
3, 67433
What are the prime factors of 903075?
3, 5, 12041
What are the prime factors of 11449286?
2, 19, 503, 599
What are the prime factors of 503866?
2, 11, 37, 619
What are the prime factors of 842091?
3, 280697
What are the prime factors of 2842662?
2, 3, 23, 20599
List the prime factors of 9823919.
7, 1403417
List the prime factors of 304672.
2, 9521
List the prime factors of 18103.
43, 421
What are the prime factors of 127015?
5, 7, 19, 191
List the prime factors of 124174.
2, 47, 1321
List the prime factors of 26272138.
2, 107, 293, 419
What are the prime factors of 6383358?
2, 3, 67, 79
List the prime factors of 220369.
220369
What are the prime factors of 3032179?
3032179
What are the prime factors of 5234102?
2, 31, 84421
What are the prime factors of 594288?
2, 3, 4127
List the prime factors of 11146120.
2, 5, 67, 4159
List the prime factors of 11898344.
2, 547, 2719
List the prime factors of 4421805.
3, 5, 294787
What are the prime factors of 562013?
557, 1009
What are the prime factors of 705832?
2, 83, 1063
List the prime factors of 2050873.
11, 37, 5039
What are the prime factors of 8133817?
2557, 3181
What are the prime factors of 1049499?
3, 11, 10601
What are the prime factors of 152065?
5, 17, 1789
List the prime factors of 11882771.
19, 625409
What are the prime factors of 503616?
2, 3, 43, 61
List the prime factors of 1257699.
3, 83, 5051
List the prime factors of 829607.
593, 1399
List the prime factors of 439813.
11, 39983
What are the prime factors of 1604862?
2, 3, 7, 47, 271
What are the prime factors of 362130?
2, 3, 5, 12071
What are the prime factors of 2234345?
5, 89, 5021
List the prime factors of 13105654.
2, 359, 18253
List the prime factors of 273100.
2, 5, 2731
List the prime factors of 98300.
2, 5, 983
List the prime factors of 924374.
2, 11, 42017
List the prime factors of 18485253.
3, 25357
What are the prime factors of 20540203?
53, 387551
List the prime factors of 239783.
239783
List the prime factors of 518998.
2, 259499
List the prime factors of 4400078.
2, 31, 70969
What are the prime factors of 133817?
19, 7043
List the prime factors of 489100.
2, 5, 67, 73
What are the prime factors of 1729598?
2, 13, 66523
What are the prime factors of 6515000?
2, 5, 1303
List the prime factors of 434906.
2, 101, 2153
What are the prime factors of 108687?
3, 36229
What are the prime factors of 384749?
71, 5419
What are the prime factors of 270367?
29, 9323
List the prime factors of 24598360.
2, 5, 41, 53, 283
List the prime factors of 13341728.
2, 41, 10169
What are the prime factors of 66014?
2, 13, 2539
List the prime factors of 433316.
2, 13, 641
What are the prime factors of 305807?
103, 2969
What are the prime factors of 1066746?
2, 3, 177791
List the prime factors of 154070.
2, 5, 7, 31, 71
List the prime factors of 47406.
2, 3, 7901
List the prime factors of 6868968.
2, 3, 503, 569
What are the prime factors of 9117086?
2, 11, 414413
List the prime factors of 360607.
13, 27739
List the prime factors of 3193972.
2, 479, 1667
List the prime factors of 251699.
7, 41, 877
What are the prime factors of 29940199?
59, 507461
What are the prime factors of 3962029?
3962029
List the prime factors of 398097.
3, 7, 71, 89
What are the prime factors of 1163000?
2, 5, 1163
What are the prime factors of 2349?
3, 29
List the prime factors of 27570.
2, 3, 5, 919
What are the prime factors of 510863?
487, 1049
What are the prime factors of 2242145?
5, 509, 881
List the prime factors of 1695127.
7, 242161
List the prime factors of 298889.
19, 15731
What are the prime factors of 5855208?
2, 3, 17, 113, 127
What are the prime factors of 4745784?
2, 3, 197741
What are the prime factors of 1733115?
3, 5, 43, 2687
What are the prime factors of 823998?
2, 3, 7, 23, 853
List the prime factors of 6991762.
2, 113, 30937
What are the prime factors of 65175?
3, 5, 11, 79
What are the prime factors of 542797?
542797
List the prime factors of 11408128.
2, 44563
What are the prime factors of 486610?
2, 5, 48661
List the prime factors of 1278252.
2, 3, 35507
List the prime factors of 606169.
17, 181, 197
List the prime factors of 47243.
7, 17, 397
What are the prime factors of 782273?
419, 1867
List the prime factors of 34432440.
2, 3, 5, 7, 179, 229
List the prime fac